{"id":366,"date":"2024-05-21T15:44:42","date_gmt":"2024-05-21T15:44:42","guid":{"rendered":"https:\/\/kineservice.org\/?page_id=366"},"modified":"2024-05-23T11:49:31","modified_gmt":"2024-05-23T11:49:31","slug":"pediatrie","status":"publish","type":"page","link":"http:\/\/kineservice.org\/?page_id=366","title":{"rendered":"P\u00e9diatrie"},"content":{"rendered":"\t\t<div data-elementor-type=\"wp-page\" data-elementor-id=\"366\" class=\"elementor elementor-366\">\n\t\t\t\t\t\t<section class=\"elementor-section elementor-top-section elementor-element elementor-element-2e18ab0 elementor-section-boxed elementor-section-height-default elementor-section-height-default\" data-id=\"2e18ab0\" data-element_type=\"section\">\n\t\t\t\t\t\t<div class=\"elementor-container elementor-column-gap-default\">\n\t\t\t\t\t<div class=\"elementor-column elementor-col-100 elementor-top-column elementor-element elementor-element-33cd332\" data-id=\"33cd332\" data-element_type=\"column\">\n\t\t\t<div class=\"elementor-widget-wrap elementor-element-populated\">\n\t\t\t\t\t\t<div class=\"elementor-element elementor-element-cd8e1d5 elementor-widget elementor-widget-text-editor\" data-id=\"cd8e1d5\" data-element_type=\"widget\" data-widget_type=\"text-editor.default\">\n\t\t\t\t<div class=\"elementor-widget-container\">\n\t\t\t<style>\/*! elementor - v3.21.0 - 30-04-2024 *\/\n.elementor-widget-text-editor.elementor-drop-cap-view-stacked .elementor-drop-cap{background-color:#69727d;color:#fff}.elementor-widget-text-editor.elementor-drop-cap-view-framed .elementor-drop-cap{color:#69727d;border:3px solid;background-color:transparent}.elementor-widget-text-editor:not(.elementor-drop-cap-view-default) .elementor-drop-cap{margin-top:8px}.elementor-widget-text-editor:not(.elementor-drop-cap-view-default) .elementor-drop-cap-letter{width:1em;height:1em}.elementor-widget-text-editor .elementor-drop-cap{float:left;text-align:center;line-height:1;font-size:50px}.elementor-widget-text-editor .elementor-drop-cap-letter{display:inline-block}<\/style>\t\t\t\t<p>Formes s\u00e9quellaires d\u2019atteinte neurologique centrale comme neuro-paludisme, ict\u00e8re, hydroc\u00e9phalie, microc\u00e9phalie, h\u00e9mipl\u00e9gie infantile, les atteintes neurologiques p\u00e9riph\u00e9riques comme le plexus brachial ou les s\u00e9quelles d\u2019injection, les encombrements bronchiques et les malformations cong\u00e9nitales comme les pieds bots varus \u00e9quins, les recurvatums de genoux ou les genoux valgum et varum.<\/p>\t\t\t\t\t\t<\/div>\n\t\t\t\t<\/div>\n\t\t\t\t\t<\/div>\n\t\t<\/div>\n\t\t\t\t\t<\/div>\n\t\t<\/section>\n\t\t\t\t<\/div>\n\t\t","protected":false},"excerpt":{"rendered":"<p>Formes s\u00e9quellaires d\u2019atteinte neurologique centrale comme neuro-paludisme, ict\u00e8re, hydroc\u00e9phalie, microc\u00e9phalie, h\u00e9mipl\u00e9gie infantile, les atteintes neurologiques p\u00e9riph\u00e9riques comme le plexus brachial ou les s\u00e9quelles d\u2019injection, les encombrements bronchiques et les malformations cong\u00e9nitales comme les pieds bots varus \u00e9quins, les recurvatums de genoux ou les genoux valgum et varum.<\/p>\n","protected":false},"author":1,"featured_media":644,"parent":0,"menu_order":0,"comment_status":"closed","ping_status":"closed","template":"","meta":{"footnotes":""},"class_list":["post-366","page","type-page","status-publish","has-post-thumbnail","hentry"],"_links":{"self":[{"href":"http:\/\/kineservice.org\/index.php?rest_route=\/wp\/v2\/pages\/366","targetHints":{"allow":["GET"]}}],"collection":[{"href":"http:\/\/kineservice.org\/index.php?rest_route=\/wp\/v2\/pages"}],"about":[{"href":"http:\/\/kineservice.org\/index.php?rest_route=\/wp\/v2\/types\/page"}],"author":[{"embeddable":true,"href":"http:\/\/kineservice.org\/index.php?rest_route=\/wp\/v2\/users\/1"}],"replies":[{"embeddable":true,"href":"http:\/\/kineservice.org\/index.php?rest_route=%2Fwp%2Fv2%2Fcomments&post=366"}],"version-history":[{"count":7,"href":"http:\/\/kineservice.org\/index.php?rest_route=\/wp\/v2\/pages\/366\/revisions"}],"predecessor-version":[{"id":653,"href":"http:\/\/kineservice.org\/index.php?rest_route=\/wp\/v2\/pages\/366\/revisions\/653"}],"wp:featuredmedia":[{"embeddable":true,"href":"http:\/\/kineservice.org\/index.php?rest_route=\/wp\/v2\/media\/644"}],"wp:attachment":[{"href":"http:\/\/kineservice.org\/index.php?rest_route=%2Fwp%2Fv2%2Fmedia&parent=366"}],"curies":[{"name":"wp","href":"https:\/\/api.w.org\/{rel}","templated":true}]}}